{"id":321,"date":"2017-12-04T16:02:36","date_gmt":"2017-12-04T16:02:36","guid":{"rendered":"http:\/\/demo.acmethemes.com\/online-shop\/?post_type=product&#038;p=321"},"modified":"2024-03-23T15:42:13","modified_gmt":"2024-03-23T20:42:13","slug":"desayuno-sorpresa-amor-te-amo","status":"publish","type":"product","link":"https:\/\/desayunosorpresa.com.co\/index.php\/product\/desayuno-sorpresa-amor-te-amo\/","title":{"rendered":"DESAYUNO SORPRESA TE AMO"},"content":{"rendered":"<p>Regalos originales para hombres, mujeres y ni\u00f1os .celebra fechas como cumplea\u00f1os aniversarios y m\u00e1s&#8230; Hay muchas oportunidades para expresar a tus seres queridos lo importantes que son para ti.<br \/>\nPor esta raz\u00f3n, puedes enviar presentes con variedad de opciones para elegir y para las diferentes fechas especiales.<\/p>\n<p>Este detalle sorpresa no es un regalo cualquiera, porque se trata del regalo m\u00e1s dulce y encantador. Para esa persona tan especial para ti\u2026 regala amor con desayuno sorpresa.<br \/>\n\u00a1D\u00e9janos ser parte de esta hermosa experiencia!!!<\/p>\n<p>Recuerda que puedes elegir:<\/p>\n<p>\u2022El color de mantel, cintas y mo\u00f1os<br \/>\n\u2022Globo seg\u00fan ocasi\u00f3n<br \/>\n\u2022Peluche del mismo valor. Opci\u00f3n varios motivos pedir im\u00e1genes al asesor<br \/>\n\u2022Acompa\u00f1amiento (queso con jam\u00f3n, s\u00e1ndwich huevos al gusto, tamal o pan de yuca con bu\u00f1uelo)<br \/>\nPara mayor informaci\u00f3n consulta un asesor o escr\u00edbenos v\u00eda WhatsApp al 3214411612<\/p>\n","protected":false},"excerpt":{"rendered":"<p>DESCRIPCI\u00d3N:<\/p>\n<p>\u00a1Este hermoso regalo es empacado en un lindo guacal de madera debidamente empacado en papel celof\u00e1n con un mo\u00f1o grande.<br \/>\n\u00a1Regala este lindo detalle seguro le encantara a esa personita tan especial!!!<\/p>\n<p>Este S\u00faper Detalle Trae:<\/p>\n<p>\u2022Hermoso peluche seg\u00fan ocasi\u00f3n ( pedir opciones al asesor )<br \/>\n\u2022Fruta en empaque<br \/>\n\u2022Pan de yuca y bu\u00f1uelo en empaque<br \/>\n\u2022Chocolates finos<br \/>\n\u2022Flores artificiales<br \/>\n\u2022Jugo de naranja en empaque de botella de vidrio<br \/>\n\u2022Milo en empaque de botella de vidrio<br \/>\n\u2022Cereal en empaque de botella de vidrio<br \/>\n\u2022Leche en empaque de botella de vidrio<br \/>\n\u2022Dulces en empaque de botella de vidrio<br \/>\n\u2022Lecherita<br \/>\n\u2022Gelatina<br \/>\n\u2022Ponqu\u00e9 (ponky)<br \/>\n\u2022Galletas italo<br \/>\n\u2022Masmelos<br \/>\n\u2022Mo\u00f1o decorativo<br \/>\n\u2022Variedad de globos<br \/>\n\u2022Globo (seg\u00fan ocasi\u00f3n)<br \/>\n\u2022Mantel a cuadritos en tela<br \/>\n\u2022Tarjeta con mensaje personalizado<br \/>\n\u2022Mesa con porta vasos<\/p>\n<p>&nbsp;<\/p>\n","protected":false},"featured_media":1965,"comment_status":"open","ping_status":"closed","template":"","meta":[],"product_cat":[84],"product_tag":[107,106,104,103,108,105,102],"yoast_head":"<!-- This site is optimized with the Yoast SEO plugin v18.3 - https:\/\/yoast.com\/wordpress\/plugins\/seo\/ -->\n<title>DESAYUNO SORPRESA TE AMO - Desayunos sorpresa en Bogot\u00e1 servicio a Domicilio<\/title>\n<meta name=\"description\" content=\"DESAYUNO SORPRESA DE AMOR PARA ENAMORADOS DETALLE SORPRESA ANIVERSARIO FECHAS ESPECIALES\" \/>\n<meta name=\"robots\" content=\"index, follow, max-snippet:-1, max-image-preview:large, max-video-preview:-1\" \/>\n<link rel=\"canonical\" href=\"https:\/\/desayunosorpresa.com.co\/index.php\/product\/desayuno-sorpresa-amor-te-amo\/\" \/>\n<meta property=\"og:locale\" content=\"es_ES\" \/>\n<meta property=\"og:type\" content=\"article\" \/>\n<meta property=\"og:title\" content=\"DESAYUNO SORPRESA TE AMO - Desayunos sorpresa en Bogot\u00e1 servicio a Domicilio\" \/>\n<meta property=\"og:description\" content=\"DESAYUNO SORPRESA DE AMOR PARA ENAMORADOS DETALLE SORPRESA ANIVERSARIO FECHAS ESPECIALES\" \/>\n<meta property=\"og:url\" content=\"https:\/\/desayunosorpresa.com.co\/index.php\/product\/desayuno-sorpresa-amor-te-amo\/\" \/>\n<meta property=\"og:site_name\" content=\"Desayunos sorpresa en Bogot\u00e1 servicio a Domicilio\" \/>\n<meta property=\"article:publisher\" content=\"https:\/\/www.facebook.com\/desayunosorpresa.com.co\/\" \/>\n<meta property=\"article:modified_time\" content=\"2024-03-23T20:42:13+00:00\" \/>\n<meta property=\"og:image\" content=\"https:\/\/desayunosorpresa.com.co\/wp-content\/uploads\/2017\/12\/desayuno-sorpresa-en-mesa-con-peluche.jpg\" \/>\n\t<meta property=\"og:image:width\" content=\"1586\" \/>\n\t<meta property=\"og:image:height\" content=\"1600\" \/>\n\t<meta property=\"og:image:type\" content=\"image\/jpeg\" \/>\n<meta name=\"twitter:card\" content=\"summary_large_image\" \/>\n<meta name=\"twitter:label1\" content=\"Tiempo de lectura\" \/>\n\t<meta name=\"twitter:data1\" content=\"1 minuto\" \/>\n<script type=\"application\/ld+json\" class=\"yoast-schema-graph\">{\"@context\":\"https:\/\/schema.org\",\"@graph\":[{\"@type\":\"Organization\",\"@id\":\"https:\/\/desayunosorpresa.com.co\/#organization\",\"name\":\"desayunosorpresa.com.co\",\"url\":\"https:\/\/desayunosorpresa.com.co\/\",\"sameAs\":[\"https:\/\/www.facebook.com\/desayunosorpresa.com.co\/\",\"https:\/\/www.instagram.com\/explore\/?hl=es\"],\"logo\":{\"@type\":\"ImageObject\",\"@id\":\"https:\/\/desayunosorpresa.com.co\/#logo\",\"inLanguage\":\"es\",\"url\":\"http:\/\/desayunosorpresa.com.co\/wp-content\/uploads\/2019\/06\/desayuno-dia-del-padre-para-papa-13.jpg\",\"contentUrl\":\"http:\/\/desayunosorpresa.com.co\/wp-content\/uploads\/2019\/06\/desayuno-dia-del-padre-para-papa-13.jpg\",\"width\":1200,\"height\":900,\"caption\":\"desayunosorpresa.com.co\"},\"image\":{\"@id\":\"https:\/\/desayunosorpresa.com.co\/#logo\"}},{\"@type\":\"WebSite\",\"@id\":\"https:\/\/desayunosorpresa.com.co\/#website\",\"url\":\"https:\/\/desayunosorpresa.com.co\/\",\"name\":\"Desayunos sorpresa en Bogot\u00e1 servicio a Domicilio\",\"description\":\"Regalale a esa persona especial un desayuno sorpresa con mucho amor \u2705\",\"publisher\":{\"@id\":\"https:\/\/desayunosorpresa.com.co\/#organization\"},\"potentialAction\":[{\"@type\":\"SearchAction\",\"target\":{\"@type\":\"EntryPoint\",\"urlTemplate\":\"https:\/\/desayunosorpresa.com.co\/?s={search_term_string}\"},\"query-input\":\"required name=search_term_string\"}],\"inLanguage\":\"es\"},{\"@type\":\"ImageObject\",\"@id\":\"https:\/\/desayunosorpresa.com.co\/index.php\/product\/desayuno-sorpresa-amor-te-amo\/#primaryimage\",\"inLanguage\":\"es\",\"url\":\"https:\/\/desayunosorpresa.com.co\/wp-content\/uploads\/2017\/12\/desayuno-sorpresa-en-mesa-con-peluche.jpg\",\"contentUrl\":\"https:\/\/desayunosorpresa.com.co\/wp-content\/uploads\/2017\/12\/desayuno-sorpresa-en-mesa-con-peluche.jpg\",\"width\":1586,\"height\":1600,\"caption\":\"desayuno sorpresa para enamorados\"},{\"@type\":\"WebPage\",\"@id\":\"https:\/\/desayunosorpresa.com.co\/index.php\/product\/desayuno-sorpresa-amor-te-amo\/#webpage\",\"url\":\"https:\/\/desayunosorpresa.com.co\/index.php\/product\/desayuno-sorpresa-amor-te-amo\/\",\"name\":\"DESAYUNO SORPRESA TE AMO - Desayunos sorpresa en Bogot\u00e1 servicio a Domicilio\",\"isPartOf\":{\"@id\":\"https:\/\/desayunosorpresa.com.co\/#website\"},\"primaryImageOfPage\":{\"@id\":\"https:\/\/desayunosorpresa.com.co\/index.php\/product\/desayuno-sorpresa-amor-te-amo\/#primaryimage\"},\"datePublished\":\"2017-12-04T16:02:36+00:00\",\"dateModified\":\"2024-03-23T20:42:13+00:00\",\"description\":\"DESAYUNO SORPRESA DE AMOR PARA ENAMORADOS DETALLE SORPRESA ANIVERSARIO FECHAS ESPECIALES\",\"breadcrumb\":{\"@id\":\"https:\/\/desayunosorpresa.com.co\/index.php\/product\/desayuno-sorpresa-amor-te-amo\/#breadcrumb\"},\"inLanguage\":\"es\",\"potentialAction\":[{\"@type\":\"ReadAction\",\"target\":[\"https:\/\/desayunosorpresa.com.co\/index.php\/product\/desayuno-sorpresa-amor-te-amo\/\"]}]},{\"@type\":\"BreadcrumbList\",\"@id\":\"https:\/\/desayunosorpresa.com.co\/index.php\/product\/desayuno-sorpresa-amor-te-amo\/#breadcrumb\",\"itemListElement\":[{\"@type\":\"ListItem\",\"position\":1,\"name\":\"Portada\",\"item\":\"https:\/\/desayunosorpresa.com.co\/\"},{\"@type\":\"ListItem\",\"position\":2,\"name\":\"Shop\",\"item\":\"https:\/\/desayunosorpresa.com.co\/index.php\/shop\/\"},{\"@type\":\"ListItem\",\"position\":3,\"name\":\"DESAYUNO SORPRESA TE AMO\"}]}]}<\/script>\n<!-- \/ Yoast SEO plugin. -->","yoast_head_json":{"title":"DESAYUNO SORPRESA TE AMO - Desayunos sorpresa en Bogot\u00e1 servicio a Domicilio","description":"DESAYUNO SORPRESA DE AMOR PARA ENAMORADOS DETALLE SORPRESA ANIVERSARIO FECHAS ESPECIALES","robots":{"index":"index","follow":"follow","max-snippet":"max-snippet:-1","max-image-preview":"max-image-preview:large","max-video-preview":"max-video-preview:-1"},"canonical":"https:\/\/desayunosorpresa.com.co\/index.php\/product\/desayuno-sorpresa-amor-te-amo\/","og_locale":"es_ES","og_type":"article","og_title":"DESAYUNO SORPRESA TE AMO - Desayunos sorpresa en Bogot\u00e1 servicio a Domicilio","og_description":"DESAYUNO SORPRESA DE AMOR PARA ENAMORADOS DETALLE SORPRESA ANIVERSARIO FECHAS ESPECIALES","og_url":"https:\/\/desayunosorpresa.com.co\/index.php\/product\/desayuno-sorpresa-amor-te-amo\/","og_site_name":"Desayunos sorpresa en Bogot\u00e1 servicio a Domicilio","article_publisher":"https:\/\/www.facebook.com\/desayunosorpresa.com.co\/","article_modified_time":"2024-03-23T20:42:13+00:00","og_image":[{"width":1586,"height":1600,"url":"https:\/\/desayunosorpresa.com.co\/wp-content\/uploads\/2017\/12\/desayuno-sorpresa-en-mesa-con-peluche.jpg","type":"image\/jpeg"}],"twitter_card":"summary_large_image","twitter_misc":{"Tiempo de lectura":"1 minuto"},"schema":{"@context":"https:\/\/schema.org","@graph":[{"@type":"Organization","@id":"https:\/\/desayunosorpresa.com.co\/#organization","name":"desayunosorpresa.com.co","url":"https:\/\/desayunosorpresa.com.co\/","sameAs":["https:\/\/www.facebook.com\/desayunosorpresa.com.co\/","https:\/\/www.instagram.com\/explore\/?hl=es"],"logo":{"@type":"ImageObject","@id":"https:\/\/desayunosorpresa.com.co\/#logo","inLanguage":"es","url":"http:\/\/desayunosorpresa.com.co\/wp-content\/uploads\/2019\/06\/desayuno-dia-del-padre-para-papa-13.jpg","contentUrl":"http:\/\/desayunosorpresa.com.co\/wp-content\/uploads\/2019\/06\/desayuno-dia-del-padre-para-papa-13.jpg","width":1200,"height":900,"caption":"desayunosorpresa.com.co"},"image":{"@id":"https:\/\/desayunosorpresa.com.co\/#logo"}},{"@type":"WebSite","@id":"https:\/\/desayunosorpresa.com.co\/#website","url":"https:\/\/desayunosorpresa.com.co\/","name":"Desayunos sorpresa en Bogot\u00e1 servicio a Domicilio","description":"Regalale a esa persona especial un desayuno sorpresa con mucho amor \u2705","publisher":{"@id":"https:\/\/desayunosorpresa.com.co\/#organization"},"potentialAction":[{"@type":"SearchAction","target":{"@type":"EntryPoint","urlTemplate":"https:\/\/desayunosorpresa.com.co\/?s={search_term_string}"},"query-input":"required name=search_term_string"}],"inLanguage":"es"},{"@type":"ImageObject","@id":"https:\/\/desayunosorpresa.com.co\/index.php\/product\/desayuno-sorpresa-amor-te-amo\/#primaryimage","inLanguage":"es","url":"https:\/\/desayunosorpresa.com.co\/wp-content\/uploads\/2017\/12\/desayuno-sorpresa-en-mesa-con-peluche.jpg","contentUrl":"https:\/\/desayunosorpresa.com.co\/wp-content\/uploads\/2017\/12\/desayuno-sorpresa-en-mesa-con-peluche.jpg","width":1586,"height":1600,"caption":"desayuno sorpresa para enamorados"},{"@type":"WebPage","@id":"https:\/\/desayunosorpresa.com.co\/index.php\/product\/desayuno-sorpresa-amor-te-amo\/#webpage","url":"https:\/\/desayunosorpresa.com.co\/index.php\/product\/desayuno-sorpresa-amor-te-amo\/","name":"DESAYUNO SORPRESA TE AMO - Desayunos sorpresa en Bogot\u00e1 servicio a Domicilio","isPartOf":{"@id":"https:\/\/desayunosorpresa.com.co\/#website"},"primaryImageOfPage":{"@id":"https:\/\/desayunosorpresa.com.co\/index.php\/product\/desayuno-sorpresa-amor-te-amo\/#primaryimage"},"datePublished":"2017-12-04T16:02:36+00:00","dateModified":"2024-03-23T20:42:13+00:00","description":"DESAYUNO SORPRESA DE AMOR PARA ENAMORADOS DETALLE SORPRESA ANIVERSARIO FECHAS ESPECIALES","breadcrumb":{"@id":"https:\/\/desayunosorpresa.com.co\/index.php\/product\/desayuno-sorpresa-amor-te-amo\/#breadcrumb"},"inLanguage":"es","potentialAction":[{"@type":"ReadAction","target":["https:\/\/desayunosorpresa.com.co\/index.php\/product\/desayuno-sorpresa-amor-te-amo\/"]}]},{"@type":"BreadcrumbList","@id":"https:\/\/desayunosorpresa.com.co\/index.php\/product\/desayuno-sorpresa-amor-te-amo\/#breadcrumb","itemListElement":[{"@type":"ListItem","position":1,"name":"Portada","item":"https:\/\/desayunosorpresa.com.co\/"},{"@type":"ListItem","position":2,"name":"Shop","item":"https:\/\/desayunosorpresa.com.co\/index.php\/shop\/"},{"@type":"ListItem","position":3,"name":"DESAYUNO SORPRESA TE AMO"}]}]}},"_links":{"self":[{"href":"https:\/\/desayunosorpresa.com.co\/index.php\/wp-json\/wp\/v2\/product\/321"}],"collection":[{"href":"https:\/\/desayunosorpresa.com.co\/index.php\/wp-json\/wp\/v2\/product"}],"about":[{"href":"https:\/\/desayunosorpresa.com.co\/index.php\/wp-json\/wp\/v2\/types\/product"}],"replies":[{"embeddable":true,"href":"https:\/\/desayunosorpresa.com.co\/index.php\/wp-json\/wp\/v2\/comments?post=321"}],"wp:featuredmedia":[{"embeddable":true,"href":"https:\/\/desayunosorpresa.com.co\/index.php\/wp-json\/wp\/v2\/media\/1965"}],"wp:attachment":[{"href":"https:\/\/desayunosorpresa.com.co\/index.php\/wp-json\/wp\/v2\/media?parent=321"}],"wp:term":[{"taxonomy":"product_cat","embeddable":true,"href":"https:\/\/desayunosorpresa.com.co\/index.php\/wp-json\/wp\/v2\/product_cat?post=321"},{"taxonomy":"product_tag","embeddable":true,"href":"https:\/\/desayunosorpresa.com.co\/index.php\/wp-json\/wp\/v2\/product_tag?post=321"}],"curies":[{"name":"wp","href":"https:\/\/api.w.org\/{rel}","templated":true}]}}