{"id":763,"date":"2019-05-28T22:03:08","date_gmt":"2019-05-29T03:03:08","guid":{"rendered":"http:\/\/desayunosorpresa.com.co\/?post_type=product&#038;p=763"},"modified":"2023-04-21T12:37:47","modified_gmt":"2023-04-21T17:37:47","slug":"desayuno-feliz-cumpleanos-osa-mujer","status":"publish","type":"product","link":"https:\/\/desayunosorpresa.com.co\/index.php\/product\/desayuno-feliz-cumpleanos-osa-mujer\/","title":{"rendered":"DESAYUNO FELIZ CUMPLEA\u00d1OS OSA ANIMAL PRINT"},"content":{"rendered":"<p>Cuando alguien cumple a\u00f1os nada como sorprender y llenar de alegr\u00eda su d\u00eda haci\u00e9ndole saber lo importante que es para nosotros y que mejor que llev\u00e1ndole un de nuestros desayunos sorpresa a la cama iniciando el d\u00eda con la m\u00e1s bonita sorpresa. \u00a1D\u00e9janos ser parte de esta hermosa experiencia!!!<br \/>\nEste desayuno sorpresa no es un regalo cualquiera, porque se trata del regalo m\u00e1s dulce y encantador. Para esa persona tan especial para ti.<\/p>\n<p>\u00a1D\u00e9janos ser parte de esta hermosa experiencia!!!<\/p>\n<p>Recuerda que puedes elegir:<\/p>\n<p>\u2022El color de mantel, cintas y mo\u00f1os<br \/>\n\u2022Globo seg\u00fan ocasi\u00f3n<br \/>\n\u2022Peluche del mismo valor. Opci\u00f3n varios motivos pedir im\u00e1genes al asesor<br \/>\nPara mayor informaci\u00f3n consulta un asesor o escr\u00edbenos v\u00eda WhatsApp al 3214411612<\/p>\n","protected":false},"excerpt":{"rendered":"<p>DESCRIPCI\u00d3N:<\/p>\n<p>\u00a1Este desayuno es empacado en un hermoso guacal de madera pintada, forrado con papel celof\u00e1n y con un mo\u00f1o grande.<\/p>\n<p>Este S\u00faper Desayuno contiene:<\/p>\n<p>\u2022Peluche de osa con pava<br \/>\n\u2022Hablador<br \/>\n\u2022Globo metalizado de feliz cumplea\u00f1os<br \/>\n\u2022Ponqu\u00e9 bimbo<br \/>\n\u2022Fruta uvas<br \/>\n\u2022Jugo de naranja<br \/>\n\u2022Velita de cumplea\u00f1os<br \/>\n\u2022Leche en botellita (entera o deslactosada)<br \/>\n\u2022Cereal en empaque de vidrio (granola)<br \/>\n\u2022Papas Pringles 37g<br \/>\n\u2022Galletas grandes \u00edtalo<br \/>\n\u2022Galletas club social<br \/>\n\u2022Chocolatina en caja en forma de coraz\u00f3n grande<br \/>\n\u2022Dulces de varios colores en botellita<br \/>\n\u2022Nutella<br \/>\n\u2022Bandeja en madera pintada<br \/>\n\u2022Cupcake de vainilla<br \/>\n\u2022Mantel en tela a cuadritos<br \/>\n\u2022Mo\u00f1os decorativos<br \/>\n\u2022Tipo ancheta decorada con papel celof\u00e1n, papel ceda y con un hermoso mo\u00f1o grande, el color del empaque depender\u00e1 del destinatario, sea hombre o mujer<br \/>\n\u2022Tarjeta con mensaje personalizado<br \/>\n\u2022Flores con su respectivo empaque y mo\u00f1o.<\/p>\n<p>&nbsp;<\/p>\n","protected":false},"featured_media":775,"comment_status":"open","ping_status":"closed","template":"","meta":[],"product_cat":[89,70,62],"product_tag":[101,127,113,128,125,105,131,102],"yoast_head":"<!-- This site is optimized with the Yoast SEO plugin v18.3 - https:\/\/yoast.com\/wordpress\/plugins\/seo\/ -->\n<title>DESAYUNO FELIZ CUMPLEA\u00d1OS OSA ANIMAL PRINT - Desayunos sorpresa en Bogot\u00e1 servicio a Domicilio<\/title>\n<meta name=\"robots\" content=\"index, follow, max-snippet:-1, max-image-preview:large, max-video-preview:-1\" \/>\n<link rel=\"canonical\" href=\"https:\/\/desayunosorpresa.com.co\/index.php\/product\/desayuno-feliz-cumpleanos-osa-mujer\/\" \/>\n<meta property=\"og:locale\" content=\"es_ES\" \/>\n<meta property=\"og:type\" content=\"article\" \/>\n<meta property=\"og:title\" content=\"DESAYUNO FELIZ CUMPLEA\u00d1OS OSA ANIMAL PRINT - Desayunos sorpresa en Bogot\u00e1 servicio a Domicilio\" \/>\n<meta property=\"og:description\" content=\"DESCRIPCI\u00d3N:  \u00a1Este desayuno es empacado en un hermoso guacal de madera pintada, forrado con papel celof\u00e1n y con un mo\u00f1o grande.  Este S\u00faper Desayuno contiene:  \u2022Peluche de osa con pava \u2022Hablador \u2022Globo metalizado de feliz cumplea\u00f1os \u2022Ponqu\u00e9 bimbo \u2022Fruta uvas \u2022Jugo de naranja \u2022Velita de cumplea\u00f1os \u2022Leche en botellita (entera o deslactosada) \u2022Cereal en empaque de vidrio (granola) \u2022Papas Pringles 37g \u2022Galletas grandes \u00edtalo \u2022Galletas club social \u2022Chocolatina en caja en forma de coraz\u00f3n grande \u2022Dulces de varios colores en botellita \u2022Nutella \u2022Bandeja en madera pintada \u2022Cupcake de vainilla \u2022Mantel en tela a cuadritos \u2022Mo\u00f1os decorativos \u2022Tipo ancheta decorada con papel celof\u00e1n, papel ceda y con un hermoso mo\u00f1o grande, el color del empaque depender\u00e1 del destinatario, sea hombre o mujer \u2022Tarjeta con mensaje personalizado \u2022Flores con su respectivo empaque y mo\u00f1o.  &nbsp;\" \/>\n<meta property=\"og:url\" content=\"https:\/\/desayunosorpresa.com.co\/index.php\/product\/desayuno-feliz-cumpleanos-osa-mujer\/\" \/>\n<meta property=\"og:site_name\" content=\"Desayunos sorpresa en Bogot\u00e1 servicio a Domicilio\" \/>\n<meta property=\"article:publisher\" content=\"https:\/\/www.facebook.com\/desayunosorpresa.com.co\/\" \/>\n<meta property=\"article:modified_time\" content=\"2023-04-21T17:37:47+00:00\" \/>\n<meta property=\"og:image\" content=\"https:\/\/desayunosorpresa.com.co\/wp-content\/uploads\/2019\/05\/desayuno-de-feliz-cumplea\u00f1os-para-mujer-12.jpg\" \/>\n\t<meta property=\"og:image:width\" content=\"1200\" \/>\n\t<meta property=\"og:image:height\" content=\"900\" \/>\n\t<meta property=\"og:image:type\" content=\"image\/jpeg\" \/>\n<meta name=\"twitter:card\" content=\"summary_large_image\" \/>\n<meta name=\"twitter:label1\" content=\"Tiempo de lectura\" \/>\n\t<meta name=\"twitter:data1\" content=\"1 minuto\" \/>\n<script type=\"application\/ld+json\" class=\"yoast-schema-graph\">{\"@context\":\"https:\/\/schema.org\",\"@graph\":[{\"@type\":\"Organization\",\"@id\":\"https:\/\/desayunosorpresa.com.co\/#organization\",\"name\":\"desayunosorpresa.com.co\",\"url\":\"https:\/\/desayunosorpresa.com.co\/\",\"sameAs\":[\"https:\/\/www.facebook.com\/desayunosorpresa.com.co\/\",\"https:\/\/www.instagram.com\/explore\/?hl=es\"],\"logo\":{\"@type\":\"ImageObject\",\"@id\":\"https:\/\/desayunosorpresa.com.co\/#logo\",\"inLanguage\":\"es\",\"url\":\"http:\/\/desayunosorpresa.com.co\/wp-content\/uploads\/2019\/06\/desayuno-dia-del-padre-para-papa-13.jpg\",\"contentUrl\":\"http:\/\/desayunosorpresa.com.co\/wp-content\/uploads\/2019\/06\/desayuno-dia-del-padre-para-papa-13.jpg\",\"width\":1200,\"height\":900,\"caption\":\"desayunosorpresa.com.co\"},\"image\":{\"@id\":\"https:\/\/desayunosorpresa.com.co\/#logo\"}},{\"@type\":\"WebSite\",\"@id\":\"https:\/\/desayunosorpresa.com.co\/#website\",\"url\":\"https:\/\/desayunosorpresa.com.co\/\",\"name\":\"Desayunos sorpresa en Bogot\u00e1 servicio a Domicilio\",\"description\":\"Regalale a esa persona especial un desayuno sorpresa con mucho amor \u2705\",\"publisher\":{\"@id\":\"https:\/\/desayunosorpresa.com.co\/#organization\"},\"potentialAction\":[{\"@type\":\"SearchAction\",\"target\":{\"@type\":\"EntryPoint\",\"urlTemplate\":\"https:\/\/desayunosorpresa.com.co\/?s={search_term_string}\"},\"query-input\":\"required name=search_term_string\"}],\"inLanguage\":\"es\"},{\"@type\":\"ImageObject\",\"@id\":\"https:\/\/desayunosorpresa.com.co\/index.php\/product\/desayuno-feliz-cumpleanos-osa-mujer\/#primaryimage\",\"inLanguage\":\"es\",\"url\":\"https:\/\/desayunosorpresa.com.co\/wp-content\/uploads\/2019\/05\/desayuno-de-feliz-cumplea\u00f1os-para-mujer-12.jpg\",\"contentUrl\":\"https:\/\/desayunosorpresa.com.co\/wp-content\/uploads\/2019\/05\/desayuno-de-feliz-cumplea\u00f1os-para-mujer-12.jpg\",\"width\":1200,\"height\":900,\"caption\":\"desayunos a domicilio bogota para mujer desayunos sorpresa para mujer nina cumpleanos desayunos a domicilio desayunos sorpresa\"},{\"@type\":\"WebPage\",\"@id\":\"https:\/\/desayunosorpresa.com.co\/index.php\/product\/desayuno-feliz-cumpleanos-osa-mujer\/#webpage\",\"url\":\"https:\/\/desayunosorpresa.com.co\/index.php\/product\/desayuno-feliz-cumpleanos-osa-mujer\/\",\"name\":\"DESAYUNO FELIZ CUMPLEA\u00d1OS OSA ANIMAL PRINT - Desayunos sorpresa en Bogot\u00e1 servicio a Domicilio\",\"isPartOf\":{\"@id\":\"https:\/\/desayunosorpresa.com.co\/#website\"},\"primaryImageOfPage\":{\"@id\":\"https:\/\/desayunosorpresa.com.co\/index.php\/product\/desayuno-feliz-cumpleanos-osa-mujer\/#primaryimage\"},\"datePublished\":\"2019-05-29T03:03:08+00:00\",\"dateModified\":\"2023-04-21T17:37:47+00:00\",\"breadcrumb\":{\"@id\":\"https:\/\/desayunosorpresa.com.co\/index.php\/product\/desayuno-feliz-cumpleanos-osa-mujer\/#breadcrumb\"},\"inLanguage\":\"es\",\"potentialAction\":[{\"@type\":\"ReadAction\",\"target\":[\"https:\/\/desayunosorpresa.com.co\/index.php\/product\/desayuno-feliz-cumpleanos-osa-mujer\/\"]}]},{\"@type\":\"BreadcrumbList\",\"@id\":\"https:\/\/desayunosorpresa.com.co\/index.php\/product\/desayuno-feliz-cumpleanos-osa-mujer\/#breadcrumb\",\"itemListElement\":[{\"@type\":\"ListItem\",\"position\":1,\"name\":\"Portada\",\"item\":\"https:\/\/desayunosorpresa.com.co\/\"},{\"@type\":\"ListItem\",\"position\":2,\"name\":\"Shop\",\"item\":\"https:\/\/desayunosorpresa.com.co\/index.php\/shop\/\"},{\"@type\":\"ListItem\",\"position\":3,\"name\":\"DESAYUNO FELIZ CUMPLEA\u00d1OS OSA ANIMAL PRINT\"}]}]}<\/script>\n<!-- \/ Yoast SEO plugin. -->","yoast_head_json":{"title":"DESAYUNO FELIZ CUMPLEA\u00d1OS OSA ANIMAL PRINT - Desayunos sorpresa en Bogot\u00e1 servicio a Domicilio","robots":{"index":"index","follow":"follow","max-snippet":"max-snippet:-1","max-image-preview":"max-image-preview:large","max-video-preview":"max-video-preview:-1"},"canonical":"https:\/\/desayunosorpresa.com.co\/index.php\/product\/desayuno-feliz-cumpleanos-osa-mujer\/","og_locale":"es_ES","og_type":"article","og_title":"DESAYUNO FELIZ CUMPLEA\u00d1OS OSA ANIMAL PRINT - Desayunos sorpresa en Bogot\u00e1 servicio a Domicilio","og_description":"DESCRIPCI\u00d3N:  \u00a1Este desayuno es empacado en un hermoso guacal de madera pintada, forrado con papel celof\u00e1n y con un mo\u00f1o grande.  Este S\u00faper Desayuno contiene:  \u2022Peluche de osa con pava \u2022Hablador \u2022Globo metalizado de feliz cumplea\u00f1os \u2022Ponqu\u00e9 bimbo \u2022Fruta uvas \u2022Jugo de naranja \u2022Velita de cumplea\u00f1os \u2022Leche en botellita (entera o deslactosada) \u2022Cereal en empaque de vidrio (granola) \u2022Papas Pringles 37g \u2022Galletas grandes \u00edtalo \u2022Galletas club social \u2022Chocolatina en caja en forma de coraz\u00f3n grande \u2022Dulces de varios colores en botellita \u2022Nutella \u2022Bandeja en madera pintada \u2022Cupcake de vainilla \u2022Mantel en tela a cuadritos \u2022Mo\u00f1os decorativos \u2022Tipo ancheta decorada con papel celof\u00e1n, papel ceda y con un hermoso mo\u00f1o grande, el color del empaque depender\u00e1 del destinatario, sea hombre o mujer \u2022Tarjeta con mensaje personalizado \u2022Flores con su respectivo empaque y mo\u00f1o.  &nbsp;","og_url":"https:\/\/desayunosorpresa.com.co\/index.php\/product\/desayuno-feliz-cumpleanos-osa-mujer\/","og_site_name":"Desayunos sorpresa en Bogot\u00e1 servicio a Domicilio","article_publisher":"https:\/\/www.facebook.com\/desayunosorpresa.com.co\/","article_modified_time":"2023-04-21T17:37:47+00:00","og_image":[{"width":1200,"height":900,"url":"https:\/\/desayunosorpresa.com.co\/wp-content\/uploads\/2019\/05\/desayuno-de-feliz-cumplea\u00f1os-para-mujer-12.jpg","type":"image\/jpeg"}],"twitter_card":"summary_large_image","twitter_misc":{"Tiempo de lectura":"1 minuto"},"schema":{"@context":"https:\/\/schema.org","@graph":[{"@type":"Organization","@id":"https:\/\/desayunosorpresa.com.co\/#organization","name":"desayunosorpresa.com.co","url":"https:\/\/desayunosorpresa.com.co\/","sameAs":["https:\/\/www.facebook.com\/desayunosorpresa.com.co\/","https:\/\/www.instagram.com\/explore\/?hl=es"],"logo":{"@type":"ImageObject","@id":"https:\/\/desayunosorpresa.com.co\/#logo","inLanguage":"es","url":"http:\/\/desayunosorpresa.com.co\/wp-content\/uploads\/2019\/06\/desayuno-dia-del-padre-para-papa-13.jpg","contentUrl":"http:\/\/desayunosorpresa.com.co\/wp-content\/uploads\/2019\/06\/desayuno-dia-del-padre-para-papa-13.jpg","width":1200,"height":900,"caption":"desayunosorpresa.com.co"},"image":{"@id":"https:\/\/desayunosorpresa.com.co\/#logo"}},{"@type":"WebSite","@id":"https:\/\/desayunosorpresa.com.co\/#website","url":"https:\/\/desayunosorpresa.com.co\/","name":"Desayunos sorpresa en Bogot\u00e1 servicio a Domicilio","description":"Regalale a esa persona especial un desayuno sorpresa con mucho amor \u2705","publisher":{"@id":"https:\/\/desayunosorpresa.com.co\/#organization"},"potentialAction":[{"@type":"SearchAction","target":{"@type":"EntryPoint","urlTemplate":"https:\/\/desayunosorpresa.com.co\/?s={search_term_string}"},"query-input":"required name=search_term_string"}],"inLanguage":"es"},{"@type":"ImageObject","@id":"https:\/\/desayunosorpresa.com.co\/index.php\/product\/desayuno-feliz-cumpleanos-osa-mujer\/#primaryimage","inLanguage":"es","url":"https:\/\/desayunosorpresa.com.co\/wp-content\/uploads\/2019\/05\/desayuno-de-feliz-cumplea\u00f1os-para-mujer-12.jpg","contentUrl":"https:\/\/desayunosorpresa.com.co\/wp-content\/uploads\/2019\/05\/desayuno-de-feliz-cumplea\u00f1os-para-mujer-12.jpg","width":1200,"height":900,"caption":"desayunos a domicilio bogota para mujer desayunos sorpresa para mujer nina cumpleanos desayunos a domicilio desayunos sorpresa"},{"@type":"WebPage","@id":"https:\/\/desayunosorpresa.com.co\/index.php\/product\/desayuno-feliz-cumpleanos-osa-mujer\/#webpage","url":"https:\/\/desayunosorpresa.com.co\/index.php\/product\/desayuno-feliz-cumpleanos-osa-mujer\/","name":"DESAYUNO FELIZ CUMPLEA\u00d1OS OSA ANIMAL PRINT - Desayunos sorpresa en Bogot\u00e1 servicio a Domicilio","isPartOf":{"@id":"https:\/\/desayunosorpresa.com.co\/#website"},"primaryImageOfPage":{"@id":"https:\/\/desayunosorpresa.com.co\/index.php\/product\/desayuno-feliz-cumpleanos-osa-mujer\/#primaryimage"},"datePublished":"2019-05-29T03:03:08+00:00","dateModified":"2023-04-21T17:37:47+00:00","breadcrumb":{"@id":"https:\/\/desayunosorpresa.com.co\/index.php\/product\/desayuno-feliz-cumpleanos-osa-mujer\/#breadcrumb"},"inLanguage":"es","potentialAction":[{"@type":"ReadAction","target":["https:\/\/desayunosorpresa.com.co\/index.php\/product\/desayuno-feliz-cumpleanos-osa-mujer\/"]}]},{"@type":"BreadcrumbList","@id":"https:\/\/desayunosorpresa.com.co\/index.php\/product\/desayuno-feliz-cumpleanos-osa-mujer\/#breadcrumb","itemListElement":[{"@type":"ListItem","position":1,"name":"Portada","item":"https:\/\/desayunosorpresa.com.co\/"},{"@type":"ListItem","position":2,"name":"Shop","item":"https:\/\/desayunosorpresa.com.co\/index.php\/shop\/"},{"@type":"ListItem","position":3,"name":"DESAYUNO FELIZ CUMPLEA\u00d1OS OSA ANIMAL PRINT"}]}]}},"_links":{"self":[{"href":"https:\/\/desayunosorpresa.com.co\/index.php\/wp-json\/wp\/v2\/product\/763"}],"collection":[{"href":"https:\/\/desayunosorpresa.com.co\/index.php\/wp-json\/wp\/v2\/product"}],"about":[{"href":"https:\/\/desayunosorpresa.com.co\/index.php\/wp-json\/wp\/v2\/types\/product"}],"replies":[{"embeddable":true,"href":"https:\/\/desayunosorpresa.com.co\/index.php\/wp-json\/wp\/v2\/comments?post=763"}],"wp:featuredmedia":[{"embeddable":true,"href":"https:\/\/desayunosorpresa.com.co\/index.php\/wp-json\/wp\/v2\/media\/775"}],"wp:attachment":[{"href":"https:\/\/desayunosorpresa.com.co\/index.php\/wp-json\/wp\/v2\/media?parent=763"}],"wp:term":[{"taxonomy":"product_cat","embeddable":true,"href":"https:\/\/desayunosorpresa.com.co\/index.php\/wp-json\/wp\/v2\/product_cat?post=763"},{"taxonomy":"product_tag","embeddable":true,"href":"https:\/\/desayunosorpresa.com.co\/index.php\/wp-json\/wp\/v2\/product_tag?post=763"}],"curies":[{"name":"wp","href":"https:\/\/api.w.org\/{rel}","templated":true}]}}