{"id":905,"date":"2019-05-28T23:37:42","date_gmt":"2019-05-29T04:37:42","guid":{"rendered":"http:\/\/desayunosorpresa.com.co\/?post_type=product&#038;p=905"},"modified":"2025-07-26T13:00:01","modified_gmt":"2025-07-26T18:00:01","slug":"desayuno-amor-aniversario-san-valentin","status":"publish","type":"product","link":"https:\/\/desayunosorpresa.com.co\/index.php\/product\/desayuno-amor-aniversario-san-valentin\/","title":{"rendered":"DESAYUNO FELIZ CUMPLEA\u00d1OS OSA"},"content":{"rendered":"<p>Este desayuno sorpresa no es un regalo cualquiera, porque se trata del regalo m\u00e1s dulce y encantador. Para esa persona tan especial para ti<\/p>\n<p>\u00a1D\u00e9janos ser parte de esta hermosa experiencia!!!<\/p>\n<p>Recuerda que puedes elegir:<\/p>\n<p>El color de mantel, cintas y mo\u00f1os<\/p>\n<p>Acompa\u00f1amiento (queso con jam\u00f3n, tamal o pan de yuca con bu\u00f1uelo)<\/p>\n<p>Para mayor informaci\u00f3n consulta un asesor<\/p>\n<p>PARA MAYOR INFORMACI\u00d3N DEL PRODUCTO ABAJO ENCONTRARAS TODO ACERCA DE NUESTROS PRODUCTOS.<\/p>\n<p>&nbsp;<\/p>\n","protected":false},"excerpt":{"rendered":"<p>Este S\u00faper detalle contiene:<\/p>\n<p>Peluche<\/p>\n<p>Globo metalizado<\/p>\n<p>S\u00e1ndwich con jam\u00f3n y queso<\/p>\n<p>Fruta picada (fresas con banano)<\/p>\n<p>Cereal froot loops en frasco de vidrio de 355cc<\/p>\n<p>Milo frio o caliente en frasco de vidrio de 250cc<\/p>\n<p>Jugo de naranja en empaque de vidrio de 250 ml<\/p>\n<p>Dulces en botella de vidrio por 90cc<\/p>\n<p>Chocolatina grande \u00edtalo<\/p>\n<p>Galleta grande \u00edtalo<\/p>\n<p>Papas Pringles<\/p>\n<p>Golosina gomas trululu<\/p>\n<p>Mesa en madera con porta vasos pintada<\/p>\n<p>Mantel en tela<\/p>\n<p>Mo\u00f1os decorativos<\/p>\n<p>Tarjeta personalizada<\/p>\n<p>&nbsp;<\/p>\n","protected":false},"featured_media":1783,"comment_status":"open","ping_status":"closed","template":"","meta":[],"product_cat":[89,62],"product_tag":[128,105],"yoast_head":"<!-- This site is optimized with the Yoast SEO plugin v18.3 - https:\/\/yoast.com\/wordpress\/plugins\/seo\/ -->\n<title>DESAYUNO FELIZ CUMPLEA\u00d1OS OSA - Desayunos sorpresa en Bogot\u00e1 servicio a Domicilio<\/title>\n<meta name=\"robots\" content=\"index, follow, max-snippet:-1, max-image-preview:large, max-video-preview:-1\" \/>\n<link rel=\"canonical\" href=\"https:\/\/desayunosorpresa.com.co\/index.php\/product\/desayuno-amor-aniversario-san-valentin\/\" \/>\n<meta property=\"og:locale\" content=\"es_ES\" \/>\n<meta property=\"og:type\" content=\"article\" \/>\n<meta property=\"og:title\" content=\"DESAYUNO FELIZ CUMPLEA\u00d1OS OSA - Desayunos sorpresa en Bogot\u00e1 servicio a Domicilio\" \/>\n<meta property=\"og:description\" content=\"Este S\u00faper detalle contiene:  Peluche  Globo metalizado  S\u00e1ndwich con jam\u00f3n y queso  Fruta picada (fresas con banano)  Cereal froot loops en frasco de vidrio de 355cc  Milo frio o caliente en frasco de vidrio de 250cc  Jugo de naranja en empaque de vidrio de 250 ml  Dulces en botella de vidrio por 90cc  Chocolatina grande \u00edtalo  Galleta grande \u00edtalo  Papas Pringles  Golosina gomas trululu  Mesa en madera con porta vasos pintada  Mantel en tela  Mo\u00f1os decorativos  Tarjeta personalizada  &nbsp;\" \/>\n<meta property=\"og:url\" content=\"https:\/\/desayunosorpresa.com.co\/index.php\/product\/desayuno-amor-aniversario-san-valentin\/\" \/>\n<meta property=\"og:site_name\" content=\"Desayunos sorpresa en Bogot\u00e1 servicio a Domicilio\" \/>\n<meta property=\"article:publisher\" content=\"https:\/\/www.facebook.com\/desayunosorpresa.com.co\/\" \/>\n<meta property=\"article:modified_time\" content=\"2025-07-26T18:00:01+00:00\" \/>\n<meta property=\"og:image\" content=\"https:\/\/desayunosorpresa.com.co\/wp-content\/uploads\/2019\/05\/desayunos-sorpresa-oso-mesa-feliz-cumplea\u00f1os-8.jpg\" \/>\n\t<meta property=\"og:image:width\" content=\"1000\" \/>\n\t<meta property=\"og:image:height\" content=\"1000\" \/>\n\t<meta property=\"og:image:type\" content=\"image\/jpeg\" \/>\n<meta name=\"twitter:card\" content=\"summary_large_image\" \/>\n<script type=\"application\/ld+json\" class=\"yoast-schema-graph\">{\"@context\":\"https:\/\/schema.org\",\"@graph\":[{\"@type\":\"Organization\",\"@id\":\"https:\/\/desayunosorpresa.com.co\/#organization\",\"name\":\"desayunosorpresa.com.co\",\"url\":\"https:\/\/desayunosorpresa.com.co\/\",\"sameAs\":[\"https:\/\/www.facebook.com\/desayunosorpresa.com.co\/\",\"https:\/\/www.instagram.com\/explore\/?hl=es\"],\"logo\":{\"@type\":\"ImageObject\",\"@id\":\"https:\/\/desayunosorpresa.com.co\/#logo\",\"inLanguage\":\"es\",\"url\":\"http:\/\/desayunosorpresa.com.co\/wp-content\/uploads\/2019\/06\/desayuno-dia-del-padre-para-papa-13.jpg\",\"contentUrl\":\"http:\/\/desayunosorpresa.com.co\/wp-content\/uploads\/2019\/06\/desayuno-dia-del-padre-para-papa-13.jpg\",\"width\":1200,\"height\":900,\"caption\":\"desayunosorpresa.com.co\"},\"image\":{\"@id\":\"https:\/\/desayunosorpresa.com.co\/#logo\"}},{\"@type\":\"WebSite\",\"@id\":\"https:\/\/desayunosorpresa.com.co\/#website\",\"url\":\"https:\/\/desayunosorpresa.com.co\/\",\"name\":\"Desayunos sorpresa en Bogot\u00e1 servicio a Domicilio\",\"description\":\"Regalale a esa persona especial un desayuno sorpresa con mucho amor \u2705\",\"publisher\":{\"@id\":\"https:\/\/desayunosorpresa.com.co\/#organization\"},\"potentialAction\":[{\"@type\":\"SearchAction\",\"target\":{\"@type\":\"EntryPoint\",\"urlTemplate\":\"https:\/\/desayunosorpresa.com.co\/?s={search_term_string}\"},\"query-input\":\"required name=search_term_string\"}],\"inLanguage\":\"es\"},{\"@type\":\"ImageObject\",\"@id\":\"https:\/\/desayunosorpresa.com.co\/index.php\/product\/desayuno-amor-aniversario-san-valentin\/#primaryimage\",\"inLanguage\":\"es\",\"url\":\"https:\/\/desayunosorpresa.com.co\/wp-content\/uploads\/2019\/05\/desayunos-sorpresa-oso-mesa-feliz-cumplea\u00f1os-8.jpg\",\"contentUrl\":\"https:\/\/desayunosorpresa.com.co\/wp-content\/uploads\/2019\/05\/desayunos-sorpresa-oso-mesa-feliz-cumplea\u00f1os-8.jpg\",\"width\":1000,\"height\":1000,\"caption\":\"desayuno sorpresa en bogota feliz cumplea\u00f1os\"},{\"@type\":\"WebPage\",\"@id\":\"https:\/\/desayunosorpresa.com.co\/index.php\/product\/desayuno-amor-aniversario-san-valentin\/#webpage\",\"url\":\"https:\/\/desayunosorpresa.com.co\/index.php\/product\/desayuno-amor-aniversario-san-valentin\/\",\"name\":\"DESAYUNO FELIZ CUMPLEA\u00d1OS OSA - Desayunos sorpresa en Bogot\u00e1 servicio a Domicilio\",\"isPartOf\":{\"@id\":\"https:\/\/desayunosorpresa.com.co\/#website\"},\"primaryImageOfPage\":{\"@id\":\"https:\/\/desayunosorpresa.com.co\/index.php\/product\/desayuno-amor-aniversario-san-valentin\/#primaryimage\"},\"datePublished\":\"2019-05-29T04:37:42+00:00\",\"dateModified\":\"2025-07-26T18:00:01+00:00\",\"breadcrumb\":{\"@id\":\"https:\/\/desayunosorpresa.com.co\/index.php\/product\/desayuno-amor-aniversario-san-valentin\/#breadcrumb\"},\"inLanguage\":\"es\",\"potentialAction\":[{\"@type\":\"ReadAction\",\"target\":[\"https:\/\/desayunosorpresa.com.co\/index.php\/product\/desayuno-amor-aniversario-san-valentin\/\"]}]},{\"@type\":\"BreadcrumbList\",\"@id\":\"https:\/\/desayunosorpresa.com.co\/index.php\/product\/desayuno-amor-aniversario-san-valentin\/#breadcrumb\",\"itemListElement\":[{\"@type\":\"ListItem\",\"position\":1,\"name\":\"Portada\",\"item\":\"https:\/\/desayunosorpresa.com.co\/\"},{\"@type\":\"ListItem\",\"position\":2,\"name\":\"Shop\",\"item\":\"https:\/\/desayunosorpresa.com.co\/index.php\/shop\/\"},{\"@type\":\"ListItem\",\"position\":3,\"name\":\"DESAYUNO FELIZ CUMPLEA\u00d1OS OSA\"}]}]}<\/script>\n<!-- \/ Yoast SEO plugin. -->","yoast_head_json":{"title":"DESAYUNO FELIZ CUMPLEA\u00d1OS OSA - Desayunos sorpresa en Bogot\u00e1 servicio a Domicilio","robots":{"index":"index","follow":"follow","max-snippet":"max-snippet:-1","max-image-preview":"max-image-preview:large","max-video-preview":"max-video-preview:-1"},"canonical":"https:\/\/desayunosorpresa.com.co\/index.php\/product\/desayuno-amor-aniversario-san-valentin\/","og_locale":"es_ES","og_type":"article","og_title":"DESAYUNO FELIZ CUMPLEA\u00d1OS OSA - Desayunos sorpresa en Bogot\u00e1 servicio a Domicilio","og_description":"Este S\u00faper detalle contiene:  Peluche  Globo metalizado  S\u00e1ndwich con jam\u00f3n y queso  Fruta picada (fresas con banano)  Cereal froot loops en frasco de vidrio de 355cc  Milo frio o caliente en frasco de vidrio de 250cc  Jugo de naranja en empaque de vidrio de 250 ml  Dulces en botella de vidrio por 90cc  Chocolatina grande \u00edtalo  Galleta grande \u00edtalo  Papas Pringles  Golosina gomas trululu  Mesa en madera con porta vasos pintada  Mantel en tela  Mo\u00f1os decorativos  Tarjeta personalizada  &nbsp;","og_url":"https:\/\/desayunosorpresa.com.co\/index.php\/product\/desayuno-amor-aniversario-san-valentin\/","og_site_name":"Desayunos sorpresa en Bogot\u00e1 servicio a Domicilio","article_publisher":"https:\/\/www.facebook.com\/desayunosorpresa.com.co\/","article_modified_time":"2025-07-26T18:00:01+00:00","og_image":[{"width":1000,"height":1000,"url":"https:\/\/desayunosorpresa.com.co\/wp-content\/uploads\/2019\/05\/desayunos-sorpresa-oso-mesa-feliz-cumplea\u00f1os-8.jpg","type":"image\/jpeg"}],"twitter_card":"summary_large_image","schema":{"@context":"https:\/\/schema.org","@graph":[{"@type":"Organization","@id":"https:\/\/desayunosorpresa.com.co\/#organization","name":"desayunosorpresa.com.co","url":"https:\/\/desayunosorpresa.com.co\/","sameAs":["https:\/\/www.facebook.com\/desayunosorpresa.com.co\/","https:\/\/www.instagram.com\/explore\/?hl=es"],"logo":{"@type":"ImageObject","@id":"https:\/\/desayunosorpresa.com.co\/#logo","inLanguage":"es","url":"http:\/\/desayunosorpresa.com.co\/wp-content\/uploads\/2019\/06\/desayuno-dia-del-padre-para-papa-13.jpg","contentUrl":"http:\/\/desayunosorpresa.com.co\/wp-content\/uploads\/2019\/06\/desayuno-dia-del-padre-para-papa-13.jpg","width":1200,"height":900,"caption":"desayunosorpresa.com.co"},"image":{"@id":"https:\/\/desayunosorpresa.com.co\/#logo"}},{"@type":"WebSite","@id":"https:\/\/desayunosorpresa.com.co\/#website","url":"https:\/\/desayunosorpresa.com.co\/","name":"Desayunos sorpresa en Bogot\u00e1 servicio a Domicilio","description":"Regalale a esa persona especial un desayuno sorpresa con mucho amor \u2705","publisher":{"@id":"https:\/\/desayunosorpresa.com.co\/#organization"},"potentialAction":[{"@type":"SearchAction","target":{"@type":"EntryPoint","urlTemplate":"https:\/\/desayunosorpresa.com.co\/?s={search_term_string}"},"query-input":"required name=search_term_string"}],"inLanguage":"es"},{"@type":"ImageObject","@id":"https:\/\/desayunosorpresa.com.co\/index.php\/product\/desayuno-amor-aniversario-san-valentin\/#primaryimage","inLanguage":"es","url":"https:\/\/desayunosorpresa.com.co\/wp-content\/uploads\/2019\/05\/desayunos-sorpresa-oso-mesa-feliz-cumplea\u00f1os-8.jpg","contentUrl":"https:\/\/desayunosorpresa.com.co\/wp-content\/uploads\/2019\/05\/desayunos-sorpresa-oso-mesa-feliz-cumplea\u00f1os-8.jpg","width":1000,"height":1000,"caption":"desayuno sorpresa en bogota feliz cumplea\u00f1os"},{"@type":"WebPage","@id":"https:\/\/desayunosorpresa.com.co\/index.php\/product\/desayuno-amor-aniversario-san-valentin\/#webpage","url":"https:\/\/desayunosorpresa.com.co\/index.php\/product\/desayuno-amor-aniversario-san-valentin\/","name":"DESAYUNO FELIZ CUMPLEA\u00d1OS OSA - Desayunos sorpresa en Bogot\u00e1 servicio a Domicilio","isPartOf":{"@id":"https:\/\/desayunosorpresa.com.co\/#website"},"primaryImageOfPage":{"@id":"https:\/\/desayunosorpresa.com.co\/index.php\/product\/desayuno-amor-aniversario-san-valentin\/#primaryimage"},"datePublished":"2019-05-29T04:37:42+00:00","dateModified":"2025-07-26T18:00:01+00:00","breadcrumb":{"@id":"https:\/\/desayunosorpresa.com.co\/index.php\/product\/desayuno-amor-aniversario-san-valentin\/#breadcrumb"},"inLanguage":"es","potentialAction":[{"@type":"ReadAction","target":["https:\/\/desayunosorpresa.com.co\/index.php\/product\/desayuno-amor-aniversario-san-valentin\/"]}]},{"@type":"BreadcrumbList","@id":"https:\/\/desayunosorpresa.com.co\/index.php\/product\/desayuno-amor-aniversario-san-valentin\/#breadcrumb","itemListElement":[{"@type":"ListItem","position":1,"name":"Portada","item":"https:\/\/desayunosorpresa.com.co\/"},{"@type":"ListItem","position":2,"name":"Shop","item":"https:\/\/desayunosorpresa.com.co\/index.php\/shop\/"},{"@type":"ListItem","position":3,"name":"DESAYUNO FELIZ CUMPLEA\u00d1OS OSA"}]}]}},"_links":{"self":[{"href":"https:\/\/desayunosorpresa.com.co\/index.php\/wp-json\/wp\/v2\/product\/905"}],"collection":[{"href":"https:\/\/desayunosorpresa.com.co\/index.php\/wp-json\/wp\/v2\/product"}],"about":[{"href":"https:\/\/desayunosorpresa.com.co\/index.php\/wp-json\/wp\/v2\/types\/product"}],"replies":[{"embeddable":true,"href":"https:\/\/desayunosorpresa.com.co\/index.php\/wp-json\/wp\/v2\/comments?post=905"}],"wp:featuredmedia":[{"embeddable":true,"href":"https:\/\/desayunosorpresa.com.co\/index.php\/wp-json\/wp\/v2\/media\/1783"}],"wp:attachment":[{"href":"https:\/\/desayunosorpresa.com.co\/index.php\/wp-json\/wp\/v2\/media?parent=905"}],"wp:term":[{"taxonomy":"product_cat","embeddable":true,"href":"https:\/\/desayunosorpresa.com.co\/index.php\/wp-json\/wp\/v2\/product_cat?post=905"},{"taxonomy":"product_tag","embeddable":true,"href":"https:\/\/desayunosorpresa.com.co\/index.php\/wp-json\/wp\/v2\/product_tag?post=905"}],"curies":[{"name":"wp","href":"https:\/\/api.w.org\/{rel}","templated":true}]}}